{"id":34,"date":"2019-10-31T13:31:12","date_gmt":"2019-10-31T13:31:12","guid":{"rendered":"http:\/\/cnirs.vet.bg.ac.rs\/?page_id=34"},"modified":"2023-10-05T08:40:50","modified_gmt":"2023-10-05T08:40:50","slug":"obrasci","status":"publish","type":"page","link":"https:\/\/cnirs.vet.bg.ac.rs\/index.php\/obrasci\/","title":{"rendered":"OBRASCI"},"content":{"rendered":"<p><strong>Pravilnici:<\/strong><\/p>\n<p><a href=\"http:\/\/cnirs.vet.bg.ac.rs\/wp-content\/uploads\/CNIRS-pravilnik-2018.doc\">Pravilnik o radu Centra za nau\u010dno-istra\u017eiva\u010dki rad studenata \u2013 CNIRS<\/a><\/p>\n<p><strong>Uputstva:<\/strong><\/p>\n<p><a href=\"http:\/\/cnirs.vet.bg.ac.rs\/wp-content\/uploads\/MEMORANDUM-3.docx\">Uputstvo za pisanje rada<\/a><\/p>\n<p><a href=\"http:\/\/cnirs.vet.bg.ac.rs\/wp-content\/uploads\/Naslovna-strana-1.docx\">Naslovna strana<\/a><\/p>\n<p><a href=\"http:\/\/cnirs.vet.bg.ac.rs\/wp-content\/uploads\/\u0423\u043f\u0443\u0442\u0441\u0442\u0432\u043e-\u0437\u0430-\u043f\u0438\u0441\u0430\u045a\u0435-\u0441\u0430\u0436\u0435\u0442\u043a\u0430-2020.docx\">Uputstvo za pisanje sa\u017eetaka <\/a><\/p>\n<p><strong>Obrasci:<br \/>\n<a href=\"http:\/\/cnirs.vet.bg.ac.rs\/wp-content\/uploads\/Mentorski-list-2023-2024.docx\">Mentorski list 2023-2024<\/a><br \/>\n<\/strong><\/p>\n<p><a href=\"http:\/\/cnirs.vet.bg.ac.rs\/wp-content\/uploads\/Obrazac-za-promenu-teme.pdf\">Obrazac za promenu teme<\/a><\/p>\n<p><a href=\"http:\/\/cnirs.vet.bg.ac.rs\/wp-content\/uploads\/Obrazac-za-promenu-koautora.pdf\">Obrazac za promenu koautora<\/a><\/p>\n<p>Uputstva za 62.kongres biomedicinskih nauka<\/p>\n<p><a href=\"http:\/\/cnirs.vet.bg.ac.rs\/wp-content\/uploads\/Pisanje-sa\u017eetaka-na-engleskom-2022.docx\">Pisanje sa\u017eetaka na engleskom 2022<\/a><\/p>\n<p><a href=\"http:\/\/cnirs.vet.bg.ac.rs\/wp-content\/uploads\/\u0423\u043f\u0443\u0442\u0441\u0442\u0432\u043e-\u0437\u0430-\u043f\u0438\u0441\u0430\u045a\u0435-\u0441\u0430\u0436\u0435\u0442\u0430\u043a\u0430-2022.docx\">\u0423\u043f\u0443\u0442\u0441\u0442\u0432\u043e \u0437\u0430 \u043f\u0438\u0441\u0430\u045a\u0435 \u0441\u0430\u0436\u0435\u0442\u0430\u043a\u0430 2022<\/a><\/p>\n<p><a href=\"http:\/\/cnirs.vet.bg.ac.rs\/wp-content\/uploads\/Upustvo-za-pisanje-sa\u017eetka-2023.pdf\">Upustvo za pisanje sa\u017eetka 2023<\/a><\/p>\n<p><a href=\"http:\/\/cnirs.vet.bg.ac.rs\/wp-content\/uploads\/Guidelines-for-abstract-submission-2023.pdf\">Guidelines for abstract submission 2023<\/a><\/p>\n","protected":false},"excerpt":{"rendered":"<p>Pravilnici: Pravilnik o radu Centra za nau\u010dno-istra\u017eiva\u010dki rad studenata \u2013 CNIRS Uputstva: Uputstvo za pisanje rada Naslovna strana Uputstvo za pisanje sa\u017eetaka Obrasci: Mentorski list 2023-2024 Obrazac za promenu teme Obrazac za promenu koautora Uputstva za 62.kongres biomedicinskih nauka Pisanje sa\u017eetaka na engleskom 2022 \u0423\u043f\u0443\u0442\u0441\u0442\u0432\u043e \u0437\u0430 \u043f\u0438\u0441\u0430\u045a\u0435 \u0441\u0430\u0436\u0435\u0442\u0430\u043a\u0430 2022 Upustvo za pisanje sa\u017eetka 2023 Guidelines &hellip; <a href=\"https:\/\/cnirs.vet.bg.ac.rs\/index.php\/obrasci\/\" class=\"more-link\">Continue reading<span class=\"screen-reader-text\"> &#8220;OBRASCI&#8221;<\/span><\/a><\/p>\n","protected":false},"author":1,"featured_media":0,"parent":0,"menu_order":0,"comment_status":"closed","ping_status":"closed","template":"","meta":{"footnotes":""},"_links":{"self":[{"href":"https:\/\/cnirs.vet.bg.ac.rs\/index.php\/wp-json\/wp\/v2\/pages\/34"}],"collection":[{"href":"https:\/\/cnirs.vet.bg.ac.rs\/index.php\/wp-json\/wp\/v2\/pages"}],"about":[{"href":"https:\/\/cnirs.vet.bg.ac.rs\/index.php\/wp-json\/wp\/v2\/types\/page"}],"author":[{"embeddable":true,"href":"https:\/\/cnirs.vet.bg.ac.rs\/index.php\/wp-json\/wp\/v2\/users\/1"}],"replies":[{"embeddable":true,"href":"https:\/\/cnirs.vet.bg.ac.rs\/index.php\/wp-json\/wp\/v2\/comments?post=34"}],"version-history":[{"count":0,"href":"https:\/\/cnirs.vet.bg.ac.rs\/index.php\/wp-json\/wp\/v2\/pages\/34\/revisions"}],"wp:attachment":[{"href":"https:\/\/cnirs.vet.bg.ac.rs\/index.php\/wp-json\/wp\/v2\/media?parent=34"}],"curies":[{"name":"wp","href":"https:\/\/api.w.org\/{rel}","templated":true}]}}